 and 9514?
142
What is the greatest common divisor of 590 and 4656870?
590
What is the highest common divisor of 5429 and 488?
61
What is the greatest common factor of 1215 and 174090?
15
What is the highest common factor of 7828 and 1292?
76
Calculate the highest common divisor of 9427 and 463637.
857
What is the greatest common divisor of 104236 and 4752?
44
What is the highest common factor of 3773 and 29?
1
Calculate the greatest common factor of 111007 and 91.
13
Calculate the greatest common factor of 24 and 30376.
8
Calculate the highest common factor of 11115 and 5655.
195
Calculate the highest common factor of 10116 and 252.
36
What is the greatest common factor of 120 and 986760?
120
What is the highest common factor of 52840 and 520?
40
Calculate the highest common factor of 1783 and 10710481.
1783
What is the greatest common divisor of 1444 and 32129?
361
What is the highest common factor of 2996 and 92?
4
What is the highest common factor of 2086 and 2296?
14
Calculate the greatest common divisor of 45 and 3438.
9
What is the highest common factor of 1409822 and 524?
262
Calculate the greatest common factor of 42435 and 225.
45
What is the greatest common divisor of 2881 and 46741?
43
Calculate the highest common divisor of 13 and 805740.
13
What is the greatest common divisor of 2084400 and 144?
144
What is the greatest common factor of 734121 and 36?
9
What is the greatest common divisor of 1 and 7204?
1
Calculate the highest common factor of 181024 and 1008.
16
Calculate the greatest common divisor of 4945 and 3010.
215
What is the greatest common divisor of 1364 and 441316?
124
Calculate the greatest common factor of 66061 and 341.
31
Calculate the greatest common divisor of 1349 and 40717.
19
What is the greatest common divisor of 2232 and 1382166?
558
What is the highest common divisor of 91739 and 19823?
461
What is the highest common divisor of 244 and 1351028?
244
Calculate the greatest common divisor of 56749 and 35.
7
Calculate the highest common factor of 564966 and 306.
18
What is the highest common divisor of 120790 and 940?
470
What is the greatest common divisor of 40036 and 8?
4
What is the greatest common factor of 884 and 1872?
52
Calculate the greatest common factor of 309 and 210017.
103
What is the highest common divisor of 53 and 757529?
53
What is the highest common factor of 149 and 590934?
149
Calculate the greatest common factor of 4025 and 4669.
161
What is the highest common factor of 14232 and 8?
8
Calculate the greatest common factor of 213 and 6359.
1
Calculate the highest common divisor of 2871 and 148509.
261
Calculate the greatest common factor of 511 and 526841.
511
What is the highest common factor of 72257 and 1444?
19
What is the greatest common divisor of 10612 and 133?
7
Calculate the highest common factor of 106066 and 586.
586
What is the highest common divisor of 120 and 334010?
10
What is the highest common factor of 19136 and 135056?
368
Calculate the highest common divisor of 3159 and 20169.
243
What is the highest common factor of 232 and 9773?
29
What is the highest common divisor of 1501812 and 6?
6
Calculate the greatest common factor of 587363 and 49.
49
What is the greatest common divisor of 38 and 1740761?
19
Calculate the highest common divisor of 14034 and 24.
6
Calculate the highest common divisor of 1149408 and 224.
32
What is the highest common divisor of 18550 and 17013?
53
What is the highest common factor of 129 and 77013?
129
Calculate the greatest common factor of 123 and 88314.
123
What is the highest common factor of 465 and 837775?
155
What is the highest common divisor of 24500 and 56?
28
What is the highest common divisor of 272 and 28169?
17
What is the greatest common divisor of 13 and 47996?
13
Calculate the highest common divisor of 11 and 17336.
11
Calculate the highest common divisor of 1184415 and 75.
15
Calculate the greatest common factor of 1450 and 23500.
50
What is the highest common divisor of 10428 and 24?
12
What is the highest common factor of 4736 and 11544?
296
Calculate the highest common factor of 4390 and 140.
10
What is the greatest common divisor of 359623 and 11?
11
What is the highest common divisor of 181753 and 1209?
403
What is the highest common divisor of 156 and 1147926?
78
Calculate the greatest common factor of 44 and 272338.
22
Calculate the greatest common divisor of 6181 and 2779.
7
What is the highest common factor of 847 and 3025?
121
Calculate the highest common factor of 8410 and 406.
58
Calculate the greatest common divisor of 1128 and 846.
282
What is the greatest common divisor of 34505 and 1675?
335
Calculate the highest common divisor of 865967 and 265.
53
What is the greatest common divisor of 10083 and 9?
3
What is the greatest common divisor of 10703 and 1400147?
973
Calculate the greatest common divisor of 1860 and 943392.
372
Calculate the greatest common divisor of 71 and 1304341.
71
What is the highest common factor of 5330 and 338?
26
What is the highest common divisor of 25164 and 384?
12
Calculate the greatest common divisor of 446432 and 672.
224
What is the greatest common divisor of 670 and 21038?
134
Calculate the greatest common divisor of 105417 and 561.
51
Calculate the highest common factor of 252 and 275058.
126
Calculate the greatest common divisor of 13 and 108.
1
What is the highest common factor of 3062265 and 15?
15
Calculate the highest common factor of 6741 and 773717.
749
What is the highest common divisor of 3751 and 8153?
31
Calculate the highest common divisor of 165 and 238227.
33
Calculate the highest common divisor of 1880 and 271190.
470
What is the greatest common factor of 820666 and 154?
154
What is the highest common factor of 480 and 3768?
24
Calculate the highest common factor of 2237965 and 255.
85
Calculate the greatest common factor of 1225445 and 3315.
1105
What is the highest common factor of 12 and 1022217?
3
Calculate the highest common divisor of 491623 and 88.
11
Calculate the highest common factor of 61655 and 65549.
649
Calculate the highest common divisor of 1062 and 5958.
18
Calculate the highest common divisor of 48 and 17259.
3
What is the highest common divisor of 4 and 7185?
1
Calculate the greatest common divisor of 1980670 and 122.
122
Calculate the greatest common divisor of 2161688 and 4360.
872
What is the highest common factor of 27 and 672759?
27
Calculate the highest common factor of 1932288 and 9435.
1887
What is the highest common factor of 518688 and 288?
288
What is the greatest common factor of 63 and 19705?
7
What is the greatest common divisor of 16 and 60408?
8
What is the greatest common divisor of 30394 and 2366?
182
Calculate the greatest common factor of 3039401 and 11263.
1609
What is the greatest common factor of 118039 and 123?
41
What is the greatest common factor of 382 and 192146?
382
What is the greatest common factor of 35 and 6300?
35
Calculate the highest common factor of 238581 and 483.
21
What is the highest common factor of 258662 and 6398?
914
What is the greatest common divisor of 1569406 and 2108?
1054
What is the greatest common factor of 110480 and 35?
5
What is the greatest common divisor of 4 and 7578?
2
Calculate the highest common factor of 528 and 1482624.
528
Calculate the greatest common divisor of 3399 and 176.
11
What is the highest common factor of 17186769 and 27?
27
Calculate the highest common factor of 4564 and 16394.
14
Calculate the greatest common factor of 45 and 9480.
15
Calculate the highest common divisor of 3645 and 22275.
405
What is the greatest common factor of 9952 and 1312?
32
What is the highest common factor of 405534 and 12?
6
Calculate the highest common factor of 41718 and 136.
34
Calculate the greatest common divisor of 1015 and 1464790.
145
What is the highest common divisor of 114569 and 221?
13
Calculate the greatest common factor of 635016 and 192.
24
Calculate the greatest common factor of 12287 and 517.
11
What is the highest common factor of 1088352 and 64?
32
What is the highest common factor of 9 and 4805901?
9
What is the greatest common factor of 10026 and 774?
18
Calculate the greatest common divisor of 17 and 522920.
17
Calculate the highest common divisor of 2816 and 34944.
